 r(w) = -w**2 - 6*w - 9. Let a = 20 + -14. Let f be 0 - (a - 3 - -3). Determine r(f).
-9
Let h = 20 - 11. Let j(y) = -3*y - y + 3 + 3*y - h. Give j(0).
-6
Let q = -24 - -29. Let t(l) = l. Determine t(q).
5
Let f(t) be the second derivative of -t**4/12 + 7*t**3/6 - 9*t**2/2 + t. Let s(i) = i**2 + 2*i. Let w be s(-4). Let u = w + -2. What is f(u)?
-3
Suppose v + 2*v - 15 = -z, -3*v - 5*z = -27. Let a(n) = -3*n + v*n + n + n. What is a(1)?
3
Let s(b) = -b**2 - b + 2. Let f(x) = -3 - 4*x**2 + 0*x + 3*x**2 + 2*x**2 - 6*x. Let w be 5 - (1 + 0 - 2). Let k be f(w). What is s(k)?
-4
Let r(h) = h**2 + 1. Let b(g) = g - 7. Let p(a) = b(a) + r(a). Calculate p(0).
-6
Let m be 2 - (-2)/1 - -2. Let k(v) = -v**3 + 6*v**2 - 2*v + 8. What is k(m)?
-4
Suppose 2*k + 4 = 4*v - 0*v, -2*k + 2*v + 2 = 0. Let i = k + -8. Let d(m) be the second derivative of -m**3/3 - 5*m**2/2 + m. Determine d(i).
3
Let b(f) = -f + 2. Suppose -15 = -7*v + 2*v, 0 = 5*t + 4*v - 37. Suppose 2*d - 4*p = -16, -15 = -0*d - t*d - p. Suppose -d*o + o = -4. Calculate b(o).
-2
Let z(m) = -m**3 + 6*m**2 - 8*m + 5. Let s = 98 - 53. Suppose 3*n - s = -5*h - n, -2*h + 5 = -n. Determine z(h).
-10
Let o(r) = r**2 + r - 5. Let z be (-8)/12*(-3)/2. Let l = z - 1. What is o(l)?
-5
Let m = -7 + 2. Let y(q) be the second derivative of -q**4/6 - 4*q**3/3 - 2*q**2 + 3*q - 2. Give y(m).
-14
Let w(m) = -2*m - 3. Let j be w(-3). Let d be 2/2 + 13*j. Suppose 5*v = 5*s - d, 4*s - 16 = -v + 1. Let g(b) = b**2 + 2*b - 2. Calculate g(v).
1
Let g = 0 + 2. Let n(s) = -2*s + 1 + 2*s**2 + 0 + 5*s**g. Let d(u) = u**3 + 4*u**2 + 4*u + 4. Let l be d(-3). Calculate n(l).
6
Let z(w) = -w - 4. Let n be z(4). Let k(f) = 2*f - 22 + 24 - f. Calculate k(n).
-6
Let v be ((-6)/(-20))/((-72)/(-40)). Let f(i) be the second derivative of 0 + v*i**3 - 4*i + 6*i**2 - 1/12*i**4. What is f(0)?
12
Let q(a) = -a**2 - 4*a - 2. Suppose -b = -v - 19, -2*v = v + 3*b + 33. Let y be 48/v - (-2)/10. What is q(y)?
1
Let h(a) = -2*a**2 + 2*a + 2. Let n be 1/(-3) - (-33)/(-9). Let j(c) = -c. Let q be j(n). Suppose -q + 0 = -2*x. Determine h(x).
-2
Let y(p) = -14*p + 29. Let n(k) = -5*k + 10. Suppose 0 = -7*i + 3*i + 24. Let s(m) = i*y(m) - 17*n(m). Calculate s(-4).
0
Let l(f) be the third derivative of 0*f + 1/8*f**4 + 1/3*f**3 - 1/30*f**5 - 2*f**2 + 0. Determine l(3).
-7
Let s(i) = 5*i**2 - 11*i + 3. Let g(m) = m**2 - m. Let b(r) = -6*g(r) + s(r). Suppose 2*n + 22 = -3*w, -n - 14 + 6 = w. Determine b(w).
-3
Let h(o) = 3*o - 38. Let u be h(11). Let k(l) = l**2 + 2*l - 2. Let r(d) = 4*d**2 + 8*d - 8. Let n(g) = -9*k(g) + 2*r(g). Give n(u).
-13
Let m(u) be the first derivative of u**3/3 - 9*u**2/2 + 3*u - 6. Calculate m(6).
-15
Let a(n) = 11*n**2 + n + 2. Let g(i) = -i**2 + i + 1. Let v(u) = a(u) - g(u). Give v(-1).
13
Let o(k) = 5*k - 3. Let a(v) = 3*v - 2. Let p(y) = 7*a(y) - 4*o(y). Calculate p(-9).
-11
Let w(r) = -2*r**3 + 4*r**2 - 2*r - 1. Let o(a) = a**2 + 7*a + 1. Let q be o(-7). Let m be (-2)/((-7)/((-7)/(-2))). Let l = q + m. Determine w(l).
-5
Let f(i) = -i**3 - 13*i**2 + 14*i - 4. Let p be f(-14). Let z(t) = 2*t**2 + t - 5. Determine z(p).
23
Let p(w) = 0 + 0 - 4*w - 3 + w**3 + 2*w**2. Let k be 6 - ((0 - -1) + 1). Suppose -3 = -4*g - 7, 3*s = k*g - 5. Give p(s).
0
Let a(m) = -m - 1. Let c(b) = -6*b - 9. Let t(i) = -5*a(i) + c(i). Let n(j) = -4*j - 12. Let u(w) = -2*n(w) + 7*t(w). Determine u(-5).
-9
Let d(l) = -5*l**2 - 9*l - 6. Let m(s) = -s**2 - s - 1. Let w(t) = d(t) - 6*m(t). Let a = -6 - -7. Suppose 0 = 3*j + a - 13. Calculate w(j).
4
Let o(j) = 6*j - 3*j**2 - 2*j - 3*j - 1. Let x(m) = 11*m - 2. Let v be x(2). Suppose -5*u = 5*g - 10*u - v, 5*u + 15 = 0. What is o(g)?
-3
Let g(u) be the third derivative of u**5/60 + u**4/6 - u**3/6 + 10*u**2. Give g(-4).
-1
Let d(y) = -y**3 + 7*y**2 + 10*y - 15 + 2 + 5. Calculate d(8).
8
Let o(c) = -45*c**3 + 16*c**2 + 11*c - 16. Let p(a) = 9*a**3 - 3*a**2 - 2*a + 3. Let w(t) = 2*o(t) + 11*p(t). What is w(-1)?
-9
Suppose -4*t + 9*t - 25 = 0. Let i(y) = -y + t*y**2 - 10 - 2*y + 2*y**3 + 9 - y**3. Determine i(-6).
-19
Suppose 3*o + 5*w - 6 - 21 = 0, 26 = 5*o + 2*w. Let l(p) be the second derivative of 2*p - 1/12*p**o + 0 - 1/2*p**2 + 5/6*p**3. Determine l(4).
3
Let i(k) = -k + 3. Suppose -5*r + 3*r = -5*b, -3*r + 15 = 0. Let z be 6/(-1 - b) - -3. Let y be ((-2)/6)/(z/(-12)). What is i(y)?
-1
Let v(c) = c**2 + 4*c + 3. Let r be v(-2). Let u be (1 + -3)/2*r. Let h(t) = 6*t**2 - 8. Let z(q) = q**2 - 1. Let d(n) = h(n) - 8*z(n). Determine d(u).
-2
Let k(j) = -5*j + 4. Let w(f) = -5*f + 5. Let a(s) = 6*k(s) - 5*w(s). Suppose 4 - 2 = 2*t. What is a(t)?
-6
Let q(d) be the second derivative of -d**5/20 + d**4/12 + d**3/3 + d. Let s = 4 + 6. Suppose 4*i + 0*i - s = -y, 5*i = 5*y. Determine q(y).
0
Let k(d) = 5*d**2 - 13*d - 8. Let t(n) = -n**2 + n + 1. Let o(s) = -k(s) - 6*t(s). What is o(-3)?
-10
Let o be (-10)/45 - 106/9. Let n = o - -10. Let q(s) = -s**3 - 4*s**2 + 1. Give q(n).
-7
Let f(m) be the second derivative of m**5/20 + m**4/12 - m**3/6 - 20*m. Determine f(0).
0
Let k(b) = b**3 + b**2 - b + 3. Suppose -3*v = 2*d - 7, 0*d = -2*v - 3*d + 3. Suppose 2*s + 5*p + 2 = -v, 0 = s - 2*p - 2. Give k(s).
3
Let i be (10/15)/(4/(-18)). Let y(u) = -u**2 - 3. Calculate y(i).
-12
Let i(r) = r - 12. Suppose -c + 2*c - 5 = 0, 2*l + 4*c = 38. Let p be i(l). Let z(f) = -3*f**3 + 3*f + 3 + 3*f**2 - f + 4*f**3. What is z(p)?
-3
Suppose 0 + 2 = 2*b. Let f = 0 + b. Let g(l) = -3*l + 1 - l**2 + 2*l - 5*l**2. Determine g(f).
-6
Let t(b) be the third derivative of -3*b**2 + 0*b + 0 - b**3 - 1/24*b**4. Give t(0).
-6
Let u(j) = -2 - 8*j - 8 - j**2 + 0. What is u(-7)?
-3
Let g(p) = 11*p**3 + 18*p - 11*p + 12 + 10*p + 9*p**2. Let l(j) = -7*j**3 - 6*j**2 - 11*j - 8. Let d(u) = 5*g(u) + 8*l(u). Give d(-3).
5
Suppose -3*l + 3*z + 16 = -z, -l + 3*z = -7. Let t = l + -2. Let i(y) = y**2 + 2*y - 1. Determine i(t).
7
Let u = -22 - -13. Let g(i) = i**2 + 9*i + 2. Determine g(u).
2
Let g(x) = -5*x - 3. Suppose q = 4*q - 6. Suppose 4*m = -8, -q*m - 4 = 2*h - 8. Let j(n) = n**3 - 4*n**2 - 2. Let y be j(h). Give g(y).
7
Let u(b) = b**3 - 4*b - 3 + 3 - 2*b**2 - 2 - 1. Determine u(4).
13
Let y(l) = -5*l. Let m(g) = g - 6. Let b = -6 + 9. Suppose 3*n = 4*d - 2 + 17, b*d = 0. Let v be m(n). Determine y(v).
5
Let k(l) be the third derivative of l**8/10080 + l**7/1680 - l**6/180 + l**5/6 + 2*l**2. Let h(y) be the third derivative of k(y). Determine h(-3).
5
Let r be (-1)/(0 - (2 - 1)). Let d(p) = -6*p**2 - p. Determine d(r).
-7
Let n be ((-3)/((-6)/(-4)))/(-2). Let y(t) = t + n - 6 + 4 + 2. Give y(0).
1
Let u(w) = 0*w - 5*w + 0 + w + 10. Determine u(7).
-18
Let x = -7 - -11. Let u(j) = x*j - j - 2*j - 2*j - 1. Determine u(5).
-6
Let y(c) = c**2 - 4*c + 3. Suppose -1 = 3*q - 7. What is y(q)?
-1
Let h(r) be the third derivative of r**4/8 - 4*r**3/3 + 2*r**2. Let b(x) = 2*x - 5. Let i(m) = 8*b(m) - 5*h(m). Let q be ((-2)/6)/(3/9). Calculate i(q).
-1
Let r(a) = -a**2 + 0*a**2 + 7*a - 10*a. What is r(-4)?
-4
Let w(n) be the first derivative of 0*n**2 + n - 1 + 1/6*n**3 - 1/6*n**4. Let u(t) be the first derivative of w(t). Calculate u(1).
-1
Let a(y) = y**2 + 7*y - 12. Let c be a(-9). Let g be 6/9*c - -2. Let i(z) = -z - 1. Let h(v) = v**2 - 10*v - 12. Let q(j) = h(j) - 6*i(j). Calculate q(g).
6
Let d(a) be the first derivative of a**4/4 + 5*a**3/3 - 5*a**2 + 2*a + 21. Calculate d(-7).
-26
Let p be (6/4)/(-3)*-2. Let n(m) = m**2 - 5*m + 3. Let j(z) = z**2. Let w(v) = p*j(v) + n(v). What is w(3)?
6
Let n(c) be the third derivative of -c**4/24 - 5*c**3/6 + 7*c**2. What is n(-5)?
0
Let v = -18 - -25. Let a(b) = b - 1. Give a(v).
6
Let z(l) = -l**2 + 5*l - 1. Let c be z(5). Let u(y) = 14*y + 9. Let f(v) = -7*v - 4. Let p(s) = 9*f(s) + 4*u(s). What is p(c)?
7
Suppose 0 = -4*z + 3*r + 4, 3*r + 18 = -0*z - 3*z. Let m(d) = -d**2 + 2*d + 1. Determine m(z).
-7
Let r(o) = 2*o + 10. Let d = 33 - 41. Determine r(d).
-6
Let c = -13 + 8. Let f(y) = y**3 + 6*y**2 + 5*y + 4. Calculate f(c).
4
Let w(x) = -x - 3. Let l be w(-5). Let j(u) = 2*u - 1. Let y be j(l). Let q(t) be the second derivative of t**3/6 - 2*t**2 - 9*t. Determine q(y).
-1
Let p = 0 + -7. Let o(w) = w**3 + 7*w**2 + 6. What is o(p)?
6
Let i(u) = 3*u**2 - 3*u - 3. Let m(k) = 5*k**2 - 5*k - 7. Let f(r) = 7